{"id":54,"date":"2022-08-05T18:49:05","date_gmt":"2022-08-05T21:49:05","guid":{"rendered":"https:\/\/siicsufma.shcomunicacao.com.br\/2022\/?page_id=54"},"modified":"2022-08-05T20:52:24","modified_gmt":"2022-08-05T23:52:24","slug":"equipe-executora","status":"publish","type":"page","link":"https:\/\/siicsufma.shcomunicacao.com.br\/2022\/?page_id=54","title":{"rendered":"Equipe Executora"},"content":{"rendered":"\n<h3 class=\"has-text-color wp-block-heading\" style=\"color:#1c5052\"><span style=\"text-decoration: underline;\">Comiss\u00e3o Organizadora<\/span><\/h3>\n\n\n\n<p><strong>Profa. Dra. Ana Caroline Amorim Oliveira &#8211; UFMA<\/strong><br><a href=\"http:\/\/lattes.cnpq.br\/6279006668275644\" data-type=\"URL\" data-id=\"http:\/\/lattes.cnpq.br\/6279006668275644\" target=\"_blank\" rel=\"noreferrer noopener\">Curr\u00edculo lattes<\/a><\/p>\n\n\n\n<p><strong>Prof. Dr. Arkley Marques Bandeira &#8211; UFMA<\/strong><br><a href=\"http:\/\/lattes.cnpq.br\/3764150553908789\" data-type=\"URL\" data-id=\"http:\/\/lattes.cnpq.br\/3764150553908789\" target=\"_blank\" rel=\"noreferrer noopener\">Curr\u00edculo lattes<\/a><\/p>\n\n\n\n<p><strong>Profa. Dra. Concei\u00e7\u00e3o de Maria Belfort Carvalho &#8211; UFMA<\/strong><br><a href=\"http:\/\/lattes.cnpq.br\/7821541616565704\" data-type=\"URL\" data-id=\"http:\/\/lattes.cnpq.br\/7821541616565704\" target=\"_blank\" rel=\"noreferrer noopener\">Curr\u00edculo lattes<\/a><\/p>\n\n\n\n<p><strong>Prof. Dr. Fl\u00e1vio Luiz De Castro Freitas &#8211; UFMA<\/strong><br><a rel=\"noreferrer noopener\" href=\"http:\/\/lattes.cnpq.br\/2128304906555701\" data-type=\"URL\" data-id=\"http:\/\/lattes.cnpq.br\/2128304906555701\" target=\"_blank\">Curr\u00edculo lattes<\/a><\/p>\n\n\n\n<p><strong>Profa. Dra. Klautenys Dellene Guedes Cutrim &#8211; UFMA<\/strong><br><a href=\"http:\/\/lattes.cnpq.br\/4310600393313804\" data-type=\"URL\" data-id=\"http:\/\/lattes.cnpq.br\/4310600393313804\" target=\"_blank\" rel=\"noreferrer noopener\">Curr\u00edculo lattes<\/a><\/p>\n\n\n\n<p><strong>Prof. Dr.Luciano da Silva Fa\u00e7anha &#8211; UFMA<\/strong><br><a href=\"http:\/\/lattes.cnpq.br\/7318884096236926\" data-type=\"URL\" data-id=\"http:\/\/lattes.cnpq.br\/7318884096236926\" target=\"_blank\" rel=\"noreferrer noopener\">Curr\u00edculo lattes<\/a><\/p>\n\n\n\n<h3 class=\"has-text-color wp-block-heading\" style=\"color:#1c5052\"><span style=\"text-decoration: underline;\">Comiss\u00e3o Cient\u00edfica<\/span><\/h3>\n\n\n\n<p><strong>Prof. Dr. Ant\u00f4nio Cordeiro Feitosa &#8211; UFMA<\/strong><br><a rel=\"noreferrer noopener\" href=\"http:\/\/lattes.cnpq.br\/4947538265856976o\" data-type=\"URL\" data-id=\"http:\/\/lattes.cnpq.br\/4947538265856976o\" target=\"_blank\">Curr\u00edculo lattes<\/a><\/p>\n\n\n\n<p><strong>Profa. Dra. Custodia Alexandra Almeida Martins &#8211; UMinho (Portugal)<\/strong><br><a rel=\"noreferrer noopener\" href=\"http:\/\/lattes.cnpq.br\/7295235049040433\" data-type=\"URL\" data-id=\"http:\/\/lattes.cnpq.br\/7295235049040433\" target=\"_blank\">Curr\u00edculo lattes<\/a><\/p>\n\n\n\n<p><strong>Profa. Dra. Cristiane Navarrete Tolomei &#8211; UFMA<\/strong><br><a rel=\"noreferrer noopener\" href=\"http:\/\/lattes.cnpq.br\/7094193706249489\" data-type=\"URL\" data-id=\"http:\/\/lattes.cnpq.br\/7094193706249489\" target=\"_blank\">Curr\u00edculo lattes<\/a><\/p>\n\n\n\n<p><strong>Prof. Dr. Jos\u00e9 Ribamar Ferreira Junior &#8211; UFMA<\/strong><br><a rel=\"noreferrer noopener\" href=\"http:\/\/lattes.cnpq.br\/0058185567130333\" data-type=\"URL\" data-id=\"http:\/\/lattes.cnpq.br\/0058185567130333\" target=\"_blank\">Curr\u00edculo lattes<\/a><\/p>\n\n\n\n<p><strong>Prof. Dr. Jo\u00e3o Batista Bottentuit Junior &#8211; UFMA<\/strong><br><a rel=\"noreferrer noopener\" href=\"http:\/\/lattes.cnpq.br\/4828197220419425\" data-type=\"URL\" data-id=\"http:\/\/lattes.cnpq.br\/4828197220419425\" target=\"_blank\">Curr\u00edculo lattes<\/a><\/p>\n\n\n\n<p><strong>Profa. Dra. Larissa Lacerda Menendez &#8211; UFMA<\/strong><br><a rel=\"noreferrer noopener\" href=\"http:\/\/lattes.cnpq.br\/8070939322802687\" data-type=\"URL\" data-id=\"http:\/\/lattes.cnpq.br\/8070939322802687\" target=\"_blank\">Curr\u00edculo lattes<\/a><\/p>\n\n\n\n<p><strong>Profa. Dra. Michele Angelo Tinagli Casarosa\u00a0&#8211; UFMA<\/strong><br><a rel=\"noreferrer noopener\" href=\"http:\/\/lattes.cnpq.br\/6190479941593911\" data-type=\"URL\" data-id=\"http:\/\/lattes.cnpq.br\/6190479941593911\" target=\"_blank\">Curr\u00edculo lattes<\/a><\/p>\n\n\n\n<p><strong>Profa. Dra. M\u00e1rcia Manir Miguel Feitosa &#8211; UFMA<\/strong><br><a rel=\"noreferrer noopener\" href=\"http:\/\/lattes.cnpq.br\/0938601542329006\" data-type=\"URL\" data-id=\"http:\/\/lattes.cnpq.br\/0938601542329006\" target=\"_blank\">Curr\u00edculo lattes<\/a><\/p>\n\n\n\n<p><strong>Profa. Dra. M\u00f4nica Teresa Costa Sousa &#8211; UFMA<\/strong><br><a rel=\"noreferrer noopener\" href=\"http:\/\/lattes.cnpq.br\/2651036312847509\" data-type=\"URL\" data-id=\"http:\/\/lattes.cnpq.br\/2651036312847509\" target=\"_blank\">Curr\u00edculo lattes<\/a><\/p>\n\n\n\n<p><strong>Prof. Dr. Ricieri Carlini Zorzal &#8211; UFMA<\/strong><br><a rel=\"noreferrer noopener\" href=\"http:\/\/lattes.cnpq.br\/3267683322470733\" data-type=\"URL\" data-id=\"http:\/\/lattes.cnpq.br\/3267683322470733\" target=\"_blank\">Curr\u00edculo lattes<\/a><\/p>\n\n\n\n<p><strong>Profa. Dra. Sannya Fernanda Nunes Rodrigues &#8211; UFMA e UEMA<\/strong><br><a rel=\"noreferrer noopener\" href=\"http:\/\/lattes.cnpq.br\/5638131664583072\" data-type=\"URL\" data-id=\"http:\/\/lattes.cnpq.br\/5638131664583072\" target=\"_blank\">Curr\u00edculo lattes<\/a><\/p>\n\n\n\n<p><strong>Profa. Dra. Thelma Helena Costa Chahini &#8211; UFMA<\/strong><br><a rel=\"noreferrer noopener\" href=\"http:\/\/lattes.cnpq.br\/4061880434989954\" data-type=\"URL\" data-id=\"http:\/\/lattes.cnpq.br\/4061880434989954\" target=\"_blank\">Curr\u00edculo lattes<\/a><\/p>\n\n\n\n<p><strong>Profa. Dra. Zilmara de Jesus Viana de Carvalho &#8211; UFMA<\/strong><br><a rel=\"noreferrer noopener\" href=\"http:\/\/lattes.cnpq.br\/2083775393424616\" data-type=\"URL\" data-id=\"http:\/\/lattes.cnpq.br\/2083775393424616\" target=\"_blank\">Curr\u00edculo lattes<\/a><\/p>\n","protected":false},"excerpt":{"rendered":"<p>Comiss\u00e3o Organizadora Profa. Dra. Ana Caroline Amorim Oliveira &#8211; UFMACurr\u00edculo lattes Prof. Dr. Arkley Marques Bandeira &#8211; UFMACurr\u00edculo lattes Profa. Dra. Concei\u00e7\u00e3o de Maria Belfort Carvalho &#8211; UFMACurr\u00edculo lattes Prof. Dr. Fl\u00e1vio Luiz De Castro Freitas &#8211; UFMACurr\u00edculo lattes Profa. Dra. Klautenys Dellene Guedes Cutrim &#8211; UFMACurr\u00edculo lattes Prof. Dr.Luciano da Silva Fa\u00e7anha &#8211; UFMACurr\u00edculo [&hellip;]<\/p>\n","protected":false},"author":1,"featured_media":0,"parent":0,"menu_order":0,"comment_status":"closed","ping_status":"closed","template":"","meta":{"footnotes":""},"class_list":["post-54","page","type-page","status-publish","hentry"],"yoast_head":"<!-- This site is optimized with the Yoast SEO Premium plugin v19.0.1 (Yoast SEO v19.13) - https:\/\/yoast.com\/wordpress\/plugins\/seo\/ -->\n<title>Equipe Executora - IV SIICS UFMA<\/title>\n<meta name=\"robots\" content=\"index, follow, max-snippet:-1, max-image-preview:large, max-video-preview:-1\" \/>\n<link rel=\"canonical\" href=\"https:\/\/siicsufma.shcomunicacao.com.br\/2022\/?page_id=54\" \/>\n<meta property=\"og:locale\" content=\"pt_BR\" \/>\n<meta property=\"og:type\" content=\"article\" \/>\n<meta property=\"og:title\" content=\"Equipe Executora\" \/>\n<meta property=\"og:description\" content=\"Comiss\u00e3o Organizadora Profa. Dra. Ana Caroline Amorim Oliveira &#8211; UFMACurr\u00edculo lattes Prof. Dr. Arkley Marques Bandeira &#8211; UFMACurr\u00edculo lattes Profa. Dra. Concei\u00e7\u00e3o de Maria Belfort Carvalho &#8211; UFMACurr\u00edculo lattes Prof. Dr. Fl\u00e1vio Luiz De Castro Freitas &#8211; UFMACurr\u00edculo lattes Profa. Dra. Klautenys Dellene Guedes Cutrim &#8211; UFMACurr\u00edculo lattes Prof. Dr.Luciano da Silva Fa\u00e7anha &#8211; UFMACurr\u00edculo [&hellip;]\" \/>\n<meta property=\"og:url\" content=\"https:\/\/siicsufma.shcomunicacao.com.br\/2022\/?page_id=54\" \/>\n<meta property=\"og:site_name\" content=\"IV SIICS UFMA\" \/>\n<meta property=\"article:modified_time\" content=\"2022-08-05T23:52:24+00:00\" \/>\n<meta property=\"og:image\" content=\"https:\/\/siicsufma.shcomunicacao.com.br\/2022\/wp-content\/uploads\/2022\/08\/Arte-SIICS-2022-CARD-v.2.png\" \/>\n\t<meta property=\"og:image:width\" content=\"1080\" \/>\n\t<meta property=\"og:image:height\" content=\"1080\" \/>\n\t<meta property=\"og:image:type\" content=\"image\/png\" \/>\n<meta name=\"twitter:card\" content=\"summary_large_image\" \/>\n<meta name=\"twitter:label1\" content=\"Est. tempo de leitura\" \/>\n\t<meta name=\"twitter:data1\" content=\"1 minuto\" \/>\n<script type=\"application\/ld+json\" class=\"yoast-schema-graph\">{\"@context\":\"https:\/\/schema.org\",\"@graph\":[{\"@type\":\"WebPage\",\"@id\":\"https:\/\/siicsufma.shcomunicacao.com.br\/2022\/?page_id=54\",\"url\":\"https:\/\/siicsufma.shcomunicacao.com.br\/2022\/?page_id=54\",\"name\":\"Equipe Executora - IV SIICS UFMA\",\"isPartOf\":{\"@id\":\"https:\/\/siicsufma.shcomunicacao.com.br\/2022\/#website\"},\"datePublished\":\"2022-08-05T21:49:05+00:00\",\"dateModified\":\"2022-08-05T23:52:24+00:00\",\"breadcrumb\":{\"@id\":\"https:\/\/siicsufma.shcomunicacao.com.br\/2022\/?page_id=54#breadcrumb\"},\"inLanguage\":\"pt-BR\",\"potentialAction\":[{\"@type\":\"ReadAction\",\"target\":[\"https:\/\/siicsufma.shcomunicacao.com.br\/2022\/?page_id=54\"]}]},{\"@type\":\"BreadcrumbList\",\"@id\":\"https:\/\/siicsufma.shcomunicacao.com.br\/2022\/?page_id=54#breadcrumb\",\"itemListElement\":[{\"@type\":\"ListItem\",\"position\":1,\"name\":\"In\u00edcio\",\"item\":\"https:\/\/siicsufma.shcomunicacao.com.br\/2022\/\"},{\"@type\":\"ListItem\",\"position\":2,\"name\":\"Equipe Executora\"}]},{\"@type\":\"WebSite\",\"@id\":\"https:\/\/siicsufma.shcomunicacao.com.br\/2022\/#website\",\"url\":\"https:\/\/siicsufma.shcomunicacao.com.br\/2022\/\",\"name\":\"IV SIICS UFMA\",\"description\":\"Simp\u00f3sio Internacional Interdisciplinar em Cultura e Sociedade\",\"publisher\":{\"@id\":\"https:\/\/siicsufma.shcomunicacao.com.br\/2022\/#organization\"},\"potentialAction\":[{\"@type\":\"SearchAction\",\"target\":{\"@type\":\"EntryPoint\",\"urlTemplate\":\"https:\/\/siicsufma.shcomunicacao.com.br\/2022\/?s={search_term_string}\"},\"query-input\":\"required name=search_term_string\"}],\"inLanguage\":\"pt-BR\"},{\"@type\":\"Organization\",\"@id\":\"https:\/\/siicsufma.shcomunicacao.com.br\/2022\/#organization\",\"name\":\"IV SIICS e IX Semana Acad\u00eamica - PGCult UFMA\",\"url\":\"https:\/\/siicsufma.shcomunicacao.com.br\/2022\/\",\"logo\":{\"@type\":\"ImageObject\",\"inLanguage\":\"pt-BR\",\"@id\":\"https:\/\/siicsufma.shcomunicacao.com.br\/2022\/#\/schema\/logo\/image\/\",\"url\":\"http:\/\/siicsufma.shcomunicacao.com.br\/2022\/wp-content\/uploads\/2022\/08\/Arte-SIICS-2022-v.3.jpg\",\"contentUrl\":\"http:\/\/siicsufma.shcomunicacao.com.br\/2022\/wp-content\/uploads\/2022\/08\/Arte-SIICS-2022-v.3.jpg\",\"width\":1080,\"height\":1080,\"caption\":\"IV SIICS e IX Semana Acad\u00eamica - PGCult UFMA\"},\"image\":{\"@id\":\"https:\/\/siicsufma.shcomunicacao.com.br\/2022\/#\/schema\/logo\/image\/\"}}]}<\/script>\n<!-- \/ Yoast SEO Premium plugin. -->","yoast_head_json":{"title":"Equipe Executora - IV SIICS UFMA","robots":{"index":"index","follow":"follow","max-snippet":"max-snippet:-1","max-image-preview":"max-image-preview:large","max-video-preview":"max-video-preview:-1"},"canonical":"https:\/\/siicsufma.shcomunicacao.com.br\/2022\/?page_id=54","og_locale":"pt_BR","og_type":"article","og_title":"Equipe Executora","og_description":"Comiss\u00e3o Organizadora Profa. Dra. Ana Caroline Amorim Oliveira &#8211; UFMACurr\u00edculo lattes Prof. Dr. Arkley Marques Bandeira &#8211; UFMACurr\u00edculo lattes Profa. Dra. Concei\u00e7\u00e3o de Maria Belfort Carvalho &#8211; UFMACurr\u00edculo lattes Prof. Dr. Fl\u00e1vio Luiz De Castro Freitas &#8211; UFMACurr\u00edculo lattes Profa. Dra. Klautenys Dellene Guedes Cutrim &#8211; UFMACurr\u00edculo lattes Prof. Dr.Luciano da Silva Fa\u00e7anha &#8211; UFMACurr\u00edculo [&hellip;]","og_url":"https:\/\/siicsufma.shcomunicacao.com.br\/2022\/?page_id=54","og_site_name":"IV SIICS UFMA","article_modified_time":"2022-08-05T23:52:24+00:00","og_image":[{"width":1080,"height":1080,"url":"https:\/\/siicsufma.shcomunicacao.com.br\/2022\/wp-content\/uploads\/2022\/08\/Arte-SIICS-2022-CARD-v.2.png","type":"image\/png"}],"twitter_card":"summary_large_image","twitter_misc":{"Est. tempo de leitura":"1 minuto"},"schema":{"@context":"https:\/\/schema.org","@graph":[{"@type":"WebPage","@id":"https:\/\/siicsufma.shcomunicacao.com.br\/2022\/?page_id=54","url":"https:\/\/siicsufma.shcomunicacao.com.br\/2022\/?page_id=54","name":"Equipe Executora - IV SIICS UFMA","isPartOf":{"@id":"https:\/\/siicsufma.shcomunicacao.com.br\/2022\/#website"},"datePublished":"2022-08-05T21:49:05+00:00","dateModified":"2022-08-05T23:52:24+00:00","breadcrumb":{"@id":"https:\/\/siicsufma.shcomunicacao.com.br\/2022\/?page_id=54#breadcrumb"},"inLanguage":"pt-BR","potentialAction":[{"@type":"ReadAction","target":["https:\/\/siicsufma.shcomunicacao.com.br\/2022\/?page_id=54"]}]},{"@type":"BreadcrumbList","@id":"https:\/\/siicsufma.shcomunicacao.com.br\/2022\/?page_id=54#breadcrumb","itemListElement":[{"@type":"ListItem","position":1,"name":"In\u00edcio","item":"https:\/\/siicsufma.shcomunicacao.com.br\/2022\/"},{"@type":"ListItem","position":2,"name":"Equipe Executora"}]},{"@type":"WebSite","@id":"https:\/\/siicsufma.shcomunicacao.com.br\/2022\/#website","url":"https:\/\/siicsufma.shcomunicacao.com.br\/2022\/","name":"IV SIICS UFMA","description":"Simp\u00f3sio Internacional Interdisciplinar em Cultura e Sociedade","publisher":{"@id":"https:\/\/siicsufma.shcomunicacao.com.br\/2022\/#organization"},"potentialAction":[{"@type":"SearchAction","target":{"@type":"EntryPoint","urlTemplate":"https:\/\/siicsufma.shcomunicacao.com.br\/2022\/?s={search_term_string}"},"query-input":"required name=search_term_string"}],"inLanguage":"pt-BR"},{"@type":"Organization","@id":"https:\/\/siicsufma.shcomunicacao.com.br\/2022\/#organization","name":"IV SIICS e IX Semana Acad\u00eamica - PGCult UFMA","url":"https:\/\/siicsufma.shcomunicacao.com.br\/2022\/","logo":{"@type":"ImageObject","inLanguage":"pt-BR","@id":"https:\/\/siicsufma.shcomunicacao.com.br\/2022\/#\/schema\/logo\/image\/","url":"http:\/\/siicsufma.shcomunicacao.com.br\/2022\/wp-content\/uploads\/2022\/08\/Arte-SIICS-2022-v.3.jpg","contentUrl":"http:\/\/siicsufma.shcomunicacao.com.br\/2022\/wp-content\/uploads\/2022\/08\/Arte-SIICS-2022-v.3.jpg","width":1080,"height":1080,"caption":"IV SIICS e IX Semana Acad\u00eamica - PGCult UFMA"},"image":{"@id":"https:\/\/siicsufma.shcomunicacao.com.br\/2022\/#\/schema\/logo\/image\/"}}]}},"_links":{"self":[{"href":"https:\/\/siicsufma.shcomunicacao.com.br\/2022\/index.php?rest_route=\/wp\/v2\/pages\/54","targetHints":{"allow":["GET"]}}],"collection":[{"href":"https:\/\/siicsufma.shcomunicacao.com.br\/2022\/index.php?rest_route=\/wp\/v2\/pages"}],"about":[{"href":"https:\/\/siicsufma.shcomunicacao.com.br\/2022\/index.php?rest_route=\/wp\/v2\/types\/page"}],"author":[{"embeddable":true,"href":"https:\/\/siicsufma.shcomunicacao.com.br\/2022\/index.php?rest_route=\/wp\/v2\/users\/1"}],"replies":[{"embeddable":true,"href":"https:\/\/siicsufma.shcomunicacao.com.br\/2022\/index.php?rest_route=%2Fwp%2Fv2%2Fcomments&post=54"}],"version-history":[{"count":7,"href":"https:\/\/siicsufma.shcomunicacao.com.br\/2022\/index.php?rest_route=\/wp\/v2\/pages\/54\/revisions"}],"predecessor-version":[{"id":174,"href":"https:\/\/siicsufma.shcomunicacao.com.br\/2022\/index.php?rest_route=\/wp\/v2\/pages\/54\/revisions\/174"}],"wp:attachment":[{"href":"https:\/\/siicsufma.shcomunicacao.com.br\/2022\/index.php?rest_route=%2Fwp%2Fv2%2Fmedia&parent=54"}],"curies":[{"name":"wp","href":"https:\/\/api.w.org\/{rel}","templated":true}]}}